1, 2477
List the prime factors of 6507266.
2, 1559, 2087
List the prime factors of 472562.
2, 277, 853
List the prime factors of 11346062.
2, 7, 13, 31, 2011
List the prime factors of 7920335.
5, 29, 54623
What are the prime factors of 309150?
2, 3, 5, 229
What are the prime factors of 356020?
2, 5, 7, 2543
List the prime factors of 241419.
3, 80473
List the prime factors of 2975931.
3, 7, 47237
List the prime factors of 461739.
3, 153913
List the prime factors of 14707105.
5, 7, 60029
List the prime factors of 34508.
2, 8627
What are the prime factors of 1589617?
281, 5657
What are the prime factors of 1665355?
5, 333071
What are the prime factors of 1963171?
7, 283, 991
List the prime factors of 242061.
3, 80687
List the prime factors of 20502890.
2, 5, 23, 97, 919
What are the prime factors of 4296173?
7, 43, 2039
What are the prime factors of 21770382?
2, 3, 3628397
What are the prime factors of 290656?
2, 31, 293
What are the prime factors of 861703?
861703
What are the prime factors of 655892?
2, 163973
List the prime factors of 24140475.
3, 5, 31, 3461
What are the prime factors of 3359529?
3, 124427
What are the prime factors of 967130?
2, 5, 17, 5689
What are the prime factors of 2219051?
29, 76519
List the prime factors of 588722.
2, 47, 6263
List the prime factors of 254085.
3, 5, 13, 1303
What are the prime factors of 2352414?
2, 3, 392069
List the prime factors of 1064802.
2, 3, 177467
What are the prime factors of 277305?
3, 5, 7, 19, 139
List the prime factors of 449302.
2, 7, 67, 479
What are the prime factors of 6903513?
3, 17, 45121
List the prime factors of 109411.
23, 67, 71
List the prime factors of 2662781.
11, 67, 3613
List the prime factors of 5299163.
173, 30631
List the prime factors of 564399.
3, 11, 5701
What are the prime factors of 4745781?
3, 43, 12263
List the prime factors of 18722.
2, 11, 23, 37
List the prime factors of 3532277.
7, 17, 29683
What are the prime factors of 211408?
2, 73, 181
List the prime factors of 149374.
2, 74687
List the prime factors of 1448595.
3, 5, 32191
What are the prime factors of 7061072?
2, 223, 1979
List the prime factors of 786397.
211, 3727
What are the prime factors of 6879501?
3, 19, 40231
What are the prime factors of 11250?
2, 3, 5
List the prime factors of 209198.
2, 11, 37, 257
What are the prime factors of 21967741?
229, 95929
What are the prime factors of 1486610?
2, 5, 47, 3163
List the prime factors of 782161.
23, 31, 1097
List the prime factors of 98054.
2, 11, 4457
List the prime factors of 719460.
2, 3, 5, 7, 571
List the prime factors of 164460.
2, 3, 5, 2741
List the prime factors of 6832854.
2, 3, 7, 61, 127
What are the prime factors of 745211?
631, 1181
List the prime factors of 598067.
29, 41, 503
What are the prime factors of 11621145?
3, 5, 37, 20939
List the prime factors of 18363433.
11, 37, 45119
What are the prime factors of 260684?
2, 65171
List the prime factors of 3000926.
2, 1500463
What are the prime factors of 143732?
2, 35933
What are the prime factors of 1086929?
17, 3761
What are the prime factors of 1190345?
5, 13, 18313
What are the prime factors of 3387835?
5, 11, 31, 1987
What are the prime factors of 836765?
5, 113, 1481
What are the prime factors of 7293902?
2, 7, 11, 47363
List the prime factors of 2617993.
7, 373999
What are the prime factors of 1019962?
2, 31, 16451
List the prime factors of 1405082.
2, 7, 100363
What are the prime factors of 4552725?
3, 5, 60703
What are the prime factors of 12080713?
19, 227, 2801
List the prime factors of 87877.
87877
List the prime factors of 77708.
2, 19427
What are the prime factors of 148439?
148439
What are the prime factors of 11041207?
37, 298411
What are the prime factors of 246735?
3, 5, 5483
List the prime factors of 324772.
2, 7, 1657
List the prime factors of 189346.
2, 17, 5569
What are the prime factors of 116720?
2, 5, 1459
What are the prime factors of 2789374?
2, 7, 28463
What are the prime factors of 539258?
2, 19, 23, 617
List the prime factors of 2873364.
2, 3, 13, 113, 163
What are the prime factors of 1790983?
457, 3919
List the prime factors of 666987.
3, 222329
What are the prime factors of 9015431?
9015431
What are the prime factors of 286851?
3, 95617
What are the prime factors of 1312581?
3, 437527
List the prime factors of 174480.
2, 3, 5, 727
What are the prime factors of 220604?
2, 131, 421
What are the prime factors of 106256?
2, 29, 229
List the prime factors of 851179.
7, 29, 599
What are the prime factors of 3245946?
2, 3, 11, 17, 263
What are the prime factors of 460335?
3, 5, 30689
List the prime factors of 455059.
11, 41, 1009
List the prime factors of 260988.
2, 3, 7, 13, 239
List the prime factors of 2034635.
5, 503, 809
List the prime factors of 250508.
2, 62627
List the prime factors of 1580477.
19, 193, 431
List the prime factors of 5743784.
2, 557, 1289
What are the prime factors of 4452409?
13, 23, 14891
What are the prime factors of 825590?
2, 5, 82559
List the prime factors of 811800.
2, 3, 5, 11, 41
List the prime factors of 22906983.
3, 11, 733, 947
List the prime factors of 3785402.
2, 1892701
List the prime factors of 32929961.
5081, 6481
List the prime factors of 498854.
2, 249427
List the prime factors of 2060362.
2, 1030181
What are the prime factors of 354281?
41, 8641
What are the prime factors of 432374?
2, 53, 4079
What are the prime factors of 4244337?
3, 471593
List the prime factors of 7865169.
3, 13, 17, 11863
List the prime factors of 6022454.
2, 17, 177131
What are the prime factors of 153?
3, 17
What are the prime factors of 2562218?
2, 313, 4093
What are the prime factors of 19502238?
2, 3, 7, 97, 4787
What are the prime factors of 1648957?
139, 11863
List the prime factors of 3931791.
3, 29, 43, 1051
List the prime factors of 796682.
2, 398341
List the prime factors of 212506.
2, 7, 43, 353
What are the prime factors of 28429094?
2, 53, 268199
What are the prime factors of 5312563?
23, 31, 7451
List the prime factors of 746853.
3, 103, 2417
List the prime factors of 104204.
2, 109, 239
What are the prime factors of 17156152?
2, 13, 164963
What are the prime factors of 1379850?
2, 3, 5, 9199
What are the prime factors of 1082394?
2, 3, 60133
List the prime factors of 18785193.
3, 7, 811, 1103
What are the prime factors of 902902?
2, 7, 11, 13, 41
List the prime factors of 2777316.
2, 3, 231443
What are the prime factors of 4970917?
7, 79, 89, 101
What are the prime factors of 519450?
2, 3, 5, 3463
What are the prime factors of 407565?
3, 5, 3019
List the prime factors of 248997.
3, 7, 71, 167
List the prime factors of 210024.
2, 3, 2917
What are the prime factors of 3009256?
2, 193, 1949
What are the prime factors of 324924?
2, 3, 27077
What are the prime factors of 775733?
7, 110819
List the prime factors of 101296.
2, 13, 487
What are the prime factors of 8668549?
8668549
What are the prime factors of 77606?
2, 38803
What are the prime factors of 1862189?
7, 266027
List the prime factors of 1730482.
2, 13, 19, 31, 113
What are the prime factors of 263279?
17, 911
List the prime factors of 1227491.
1227491
What are the prime factors of 214062?
2, 3, 35677
What are the prime factors of 44265?
3, 5, 13, 227
List the prime factors of 1421130.
2, 3, 5, 127, 373
List the prime factors of 9148761.
3, 167, 2029
List the prime factors of 6692631.
3, 11, 103, 179
List the prime factors of 3144.
2, 3, 131
What are the prime factors of 300408?
2, 3, 12517
What are the prime factors of 680108?
2, 11, 13, 29, 41
List the prime factors of 147193.
19, 61, 127
What are the prime factors of 2320622?
2, 19, 173, 353
What are the prime factors of 3189818?
2, 1594909
List the prime factors of 1477404.
2, 3, 41039
What are the prime factors of 380104?
2, 47513
What are the prime factors of 3026097?
3, 83, 4051
What are the prime factors of 1544982?
2, 3, 257497
What are the prime factors of 144234?
2, 3, 2671
What are the prime factors of 35949848?
2, 11, 139, 2939
List the prime factors of 17679860.
2, 5, 11, 80363
List the prime factors of 348439.
7, 13, 547
List the prime factors of 230111.
7, 71, 463
List the prime factors of 4624979.
109, 151, 281
List the prime factors of 1444658.
2, 563, 1283
What are the prime factors of 289554?
2, 3, 48259
L